 r(p) = -p**3 - 41*p**2 + 249*p - 1539. Give r(-47).
12
Let y(j) = -32*j + 3294. What is y(103)?
-2
Let v(k) = -2*k**3 - 102*k**2 - 1253*k + 975. Determine v(-28).
-5
Let d(u) = 8*u**2 + 186*u + 839. Give d(-6).
11
Let z(x) = -2*x**3 + 396*x**2 + 3*x - 598. What is z(198)?
-4
Let k(j) = -2*j**3 + 38*j**2 + 24*j + 35. What is k(19)?
491
Let c(r) = -25*r - 1043. Calculate c(-42).
7
Let v(f) = 34*f**3 + 5*f**2 + f - 2. What is v(2)?
292
Let q(f) = f**3 - 93*f**2 + 1230*f + 167. Give q(77).
13
Let n(i) = 39*i + 3791. Calculate n(-97).
8
Let f(l) = -l**3 + 36*l**2 - 20*l + 647. Give f(36).
-73
Let a(t) = -3*t**2 + 80*t - 270. Determine a(24).
-78
Let n(r) = -4*r + 322. Give n(50).
122
Let d(c) = c**2 - 76*c + 718. What is d(9)?
115
Let w(f) = 3*f**3 + 3*f**2 - 38*f - 79. Give w(-2).
-15
Let a(o) = -140*o - 1030. Give a(-7).
-50
Let s(g) = -g**3 + 21*g**2 + 71*g + 20. What is s(24)?
-4
Let w(q) = -145*q - 125. What is w(-1)?
20
Let p(s) = -4*s**3 + 17*s**2 - 34*s + 73. Give p(2).
41
Let c(f) = f**3 + 31*f**2 + 16*f - 438. Determine c(-30).
-18
Let j(b) = -b**2 - 252*b - 12173. Determine j(-65).
-18
Let o(u) = -101*u**3 - 3*u**2 + 4*u + 20. Determine o(-2).
808
Let o(g) = -2*g**2 + 2*g + 318. What is o(-12)?
6
Let w(r) = 2*r**2 - 9*r - 12. Determine w(8).
44
Let h(g) = -131*g - 924. What is h(-6)?
-138
Let o(b) = -b**3 - 83*b**2 + 257*b - 87. Give o(-86).
-1
Let s(a) = -34*a**2 - 266*a + 2. What is s(-8)?
-46
Let y(q) = 21*q - 1502. Calculate y(71).
-11
Let o(k) = -747*k - 6714. Calculate o(-9).
9
Let w(t) = -t**3 - 33*t**2 + 33*t - 27. Calculate w(-34).
7
Let w(y) = -y**2 + 4*y + 217. What is w(-12)?
25
Let f(r) = -16*r**2 + 82*r - 71. Give f(1).
-5
Let p(z) = -3*z**2 - 54*z - 349. What is p(0)?
-349
Let i(x) = 7326*x + 21971. Give i(-3).
-7
Let l(a) = 187*a - 601. Determine l(3).
-40
Let g(o) = -12*o + 695. Calculate g(58).
-1
Let a(j) = 189*j - 2814. Give a(13).
-357
Let b(p) = p**3 - 11*p**2 + 352*p - 3015. Give b(9).
-9
Let p(h) = -h**3 + 57*h**2 - 263*h + 197. Determine p(52).
41
Let a(b) = 165*b**2 + 159*b - 5. What is a(-1)?
1
Let y(o) = -o**3 - 118*o**2 + 3*o + 352. Calculate y(-118).
-2
Let g(k) = -158*k - 968. Give g(-6).
-20
Let p(m) = -m**2 - 61*m + 130. Calculate p(-64).
-62
Let r(y) = -28*y**2 + 73*y - 17. Calculate r(4).
-173
Let l(j) = -4*j**2 - 231*j - 14. What is l(-58)?
-72
Let t(r) = -r**2 + 1623*r - 116099. Calculate t(75).
1
Let m(w) = -29*w + 120. Determine m(13).
-257
Let n(f) = -31*f + 3383. Give n(109).
4
Let x(i) = -18*i**2 + 12*i - 12. Calculate x(1).
-18
Let x(w) = -2*w**3 + 2*w**2 + 134. Give x(0).
134
Let m(y) = -1930*y - 27021. Calculate m(-14).
-1
Let b(l) = -2*l**3 + 71*l**2 + 42*l - 219. What is b(36)?
-3
Let s(j) = 6*j - 193. Calculate s(23).
-55
Let c(p) = -p**3 + 50*p**2 + 105*p + 63. What is c(52)?
115
Let n(s) = -s**3 - 33*s**2 + 191*s + 22. Determine n(-38).
-16
Let c(a) = -141*a - 2126. Determine c(-15).
-11
Let a(j) = -j**3 + 38*j**2 - 364*j + 65. Give a(18).
-7
Let s(y) = 2579*y + 89. Calculate s(0).
89
Let k(g) = g**2 - 40*g + 311. What is k(29)?
-8
Let r(z) = -z**3 + 71*z**2 - 215*z + 705. Calculate r(68).
-43
Let c(g) = 14*g**3 - 6*g**2 + 10*g - 4. Calculate c(1).
14
Let f(b) = -33*b**2 + 226*b + 8. What is f(6)?
176
Let s(z) = -z**2 - 11*z + 113. Give s(5).
33
Let u(v) = -2*v**2 + 34*v - 160. Calculate u(16).
-128
Let d(r) = -r**2 + 801*r - 8686. Give d(11).
4
Let m(q) = -5*q**2 + 190*q + 9. Determine m(38).
9
Let t(w) = 12*w**2 + 67*w - 57. Give t(-6).
-27
Let p(g) = g**2 - 2107*g + 10529. Determine p(5).
19
Let s(h) = 3*h**2 - 11*h - 42. What is s(-3)?
18
Let k(p) = 45*p + 552. Determine k(-14).
-78
Let u(f) = -f**3 + 18*f**2 + 62*f + 25. Calculate u(21).
4
Let i(q) = 6*q**2 + 122*q - 114. Give i(-20).
-154
Let y(s) = -s**3 + 5*s**2 - 14*s - 1. Calculate y(3).
-25
Let q(i) = 18*i + 186. Determine q(-11).
-12
Let w(k) = -7905*k + 39515. Calculate w(5).
-10
Let s(u) = -u**3 + 22*u**2 + 26*u + 46. Give s(23).
115
Let c(i) = -86*i + 1918. Calculate c(23).
-60
Let n(m) = 16048*m + 369096. Calculate n(-23).
-8
Let i(y) = 135*y + 3076. What is i(-23)?
-29
Let i(d) = 6*d**2 - 108*d - 218. What is i(-2)?
22
Let i(c) = -c**2 + 49*c + 47. What is i(-1)?
-3
Let t(p) = 4*p**3 + 8*p**2 + 5*p - 1. Give t(-3).
-52
Let s(t) = -t**3 - 17*t**2 + 19*t + 9. Determine s(-17).
-314
Let g(q) = 5*q + 308. Give g(-14).
238
Let d(l) = -l**3 + 40*l**2 - 50*l + 85. Calculate d(39).
-344
Let m(l) = -74*l**2 + 3*l + 12. What is m(-2)?
-290
Let m(r) = 53*r**2 - 793*r - 25. Give m(15).
5
Let k(p) = 2*p**3 + 9*p**2 - 69*p - 115. Give k(-8).
-11
Let j(i) = -i**3 - 48*i**2 + 3*i + 172. Give j(-48).
28
Let c(h) = 11661*h - 69961. Determine c(6).
5
Let r(t) = t - 21. Calculate r(9).
-12
Let v(i) = 2*i**3 - 33*i**2 + 21*i - 58. What is v(16)?
22
Let n(g) = -581*g + 2318. Calculate n(4).
-6
Let p(k) = -564*k + 1123. What is p(2)?
-5
Let u(b) = -b**2 + 55*b + 116. What is u(55)?
116
Let k(b) = -121*b + 709. Calculate k(12).
-743
Let u(v) = 6*v**2 - 1947*v - 3896. Give u(-2).
22
Let f(a) = 2*a**2 - 34*a + 150. Determine f(7).
10
Let r(q) = 36*q + 78. Determine r(-2).
6
Let p(y) = 2*y**2 - 13832*y + 41474. What is p(3)?
-4
Let u(y) = -11*y - 71. Determine u(-27).
226
Let p(u) = -132*u + 807. What is p(6)?
15
Let t(q) = 1652*q + 4946. Determine t(-3).
-10
Let p(q) = -111*q**2 + 13209*q - 6. Give p(119).
-6
Let f(c) = -39*c - 411. Calculate f(-10).
-21
Let y(n) = -12*n + 213. Calculate y(23).
-63
Let h(l) = -l**2 + 62*l + 2. Give h(62).
2
Let o(x) = -2562*x + 130658. What is o(51)?
-4
Let x(d) = d**2 + 102*d - 2429. Calculate x(20).
11
Let f(p) = 612*p - 5026. What is f(9)?
482
Let t(p) = -p**2 + 15*p - 51. What is t(10)?
-1
Let y(b) = b**2 - 34*b - 54. Give y(36).
18
Let l(k) = 6*k**2 - 2391*k + 2394. Determine l(1).
9
Let d(j) = -4*j**3 - 185*j**2 - 46*j - 91. Determine d(-46).
-91
Let f(o) = -19354*o - 251599. What is f(-13)?
3
Let r(t) = -t**3 + 39*t**2 - 36*t - 67. Determine r(38).
9
Let c(z) = -571*z - 10791. Determine c(-19).
58
Let r(m) = 34*m - 220. Determine r(7).
18
Let s(c) = -2*c**2 - 11*c - 89. Calculate s(-11).
-210
Let r(h) = -7*h**3 + 35*h**2 - h + 122. Determine r(6).
-136
Let w(g) = 3*g**2 - 34*g + 21. What is w(11)?
10
Let d(z) = -2*z**3 + 136*z**2 - 137*z + 211. Calculate d(67).
10
Let k(v) = v**3 + 4*v**2 - 6*v - 15. Give k(-2).
5
Let y(s) = -s**3 - 26*s**2 + 29*s - 83. Give y(-27).
-137
Let t(m) = 4*m - 290. Determine t(47).
-102
Let c(p) = 93*p + 26. What is c(1)?
119
Let y(s) = -s**2 - 27*s - 64. Determine y(-27).
-64
Let u(s) = s**2 - 26*s + 107. Calculate u(14).
-61
Let z(x) = -137*x + 2834. What is z(19)?
231
Let j(k) = 996*k + 964. Calculate j(-1).
-32
Let m(y) = 33*y**2 - 8*y - 2. Calculate m(-2).
146
Let v(y) = -3*y**2 - 15*y + 46. Give v(-7).
4
Let l(m) = 2*m**2 + 319*m + 1539. Give l(-5).
-6
Let w(k) = -23*k - 154. Calculate w(-10).
76
Let n(p) = -17*p - 302. What is n(-15)?
-47
Let i(z) = 16*z**2 - 20*z - 74. Give i(-5).
426
Let s(y) = -145*y - 11745. What is s(-81)?
0
Let q(u) = 257*u + 1964. Calculate q(-8).
-92
Let a(u) = -3*u**2 + 9*u + 426. What is a(-18)?
-708
Let j(o) = -6*o**2 - 98*o - 35. Give j(-16).
-3
Let c(g) = 3049*g + 42692. Calculate c(-14).
6
Let o(g) = -84*g**3 - 6*g**2 - 9*g - 4. Calculate o(-1).
83
Let r(z) = -169*z + 281. Determine r(1).
112
Let y(m) = -19*m + 14. Calculate y(0).
14
Let j(n) = 9*n**2 - 30*n - 16. Determine j(4).
8
Let r(z) = 13*z - 513. Calculate r(33).
-84
Let a(k) = -k**3 + 2*k**2 + 49*k - 160. Calculate a(6).
-10
Let i(o) = -4*o**2 + 36*o + 81. Determine i(11).
-7
Let p(o) = -o**2 + 8*o - 251. Give p(16).
-379
Let t(l) = -l**3 + 36*l**2 + l - 16. Calculate t(36).
20
Let m(y) = -301*y + 573. What is m(2)?
-29
Let o(s) = 2*s**2 + 135*s + 179. Give o(-64).
-269
Let k(n) = -62*n**2 - 253*n + 3. Determine k(-4).
23
Let k(y) = -y**3 + 52*y**2 + 160*y + 281. What is k(55)?
6
Let r(h) = -h**2 - 183*h - 1068. What is r(-6)?
-6
Let j(f) = f**2 + 6*f + 34. What is j(-7)?
41
Let r(h) = -h**3 + 30*h**2 - 80*h + 4590. Determine r(32).
-18
Let v(a) = -6*a**2 + 34*a - 11. Give v(4).
29
Let l(a) = -3*a - 4. Calculate l(2).
-10
Let n(l) = 3984*l + 19921. Give n(-5).
1
Let f(g) = g**3 + 57*g**2 + 115*g + 270. Calculate f(-55).
-5
Let k(r) = -r**3 - 33*r**2 - 2*r + 70. What is k(-33)?
